NOAA-Style Climate Reports


Report for 2015 April
                  MONTHLY CLIMATOLOGICAL SUMMARY FOR 4/2015
                                        HEAT  COOL        
     MEAN                               DEG   DEG       WIND SPEED       DOM MEAN  MEAN
DAY  TEMP  HIGH   TIME     LOW   TIME   DAYS  DAYS RAIN AVG  HI  TIME    DIR BAROM HUM
---------------------------------------------------------------------------------------
1    41.3  54.4   4:25pm  28.2   6:52am   24    0  0.02   2  17   2:15pm NNW 30.08   62
2    50.2  66.6   2:46pm  30.7   5:14am   15    0  0.00   3  22   1:04pm SSW 30.15   54
3    60.0  64.6   3:38pm  56.3   6:59am    5    0  0.05   2  15   2:42am  SW 29.82   77
4    51.9  63.1   4:02am  40.3  11:37pm   13    0  0.02   5  25  10:30am  NW 29.87   55
5    51.6  65.0   3:57pm  37.0   6:50am   13    0  0.00   3  20   2:02pm WSW 30.19   40
6    55.4  73.8   3:48pm  36.0   6:24am   11    2  0.00   2  19   4:17pm   S 30.22   54
7    57.9  69.8   1:18pm  45.2  11:58pm    8    1  0.01   2  13   2:05am ESE 30.18   73
8    41.5  45.2  12:00am  37.6   8:44pm   23    0  0.05   3  17   2:03pm ESE 30.27   89
9    39.4  41.6   3:20pm  37.9   3:17am   25    0  0.02   2  14  12:01am ESE 30.28   94
10   46.9  57.3   6:42pm  39.5  12:08am   18    0  0.05   2  12   4:06pm ESE 29.95   95
11   53.4  61.6   3:37pm  42.2  11:59pm   12    0  0.00   3  21  10:45am  NW 30.03   53
12   52.3  68.4   4:51pm  34.5   4:55am   13    0  0.00   1  12   5:39pm  NW 30.31   48
13   58.8  74.6   3:46pm  40.4   3:13am    9    3  0.00   3  19   3:08pm   S 30.27   61
14   58.9  63.1   4:51pm  52.7  10:39am    6    0  0.04   2  13   4:44am NNE 30.14   64
15   57.2  70.8   3:49pm  43.2   6:16am    9    1  0.00   2  18  10:34am   N 30.22   39
16   57.9  70.6   4:09pm  43.6   6:10am    8    1  0.00   2  14  12:59pm   S 30.38   41
17   61.8  73.4   4:34pm  54.2   5:13am    5    2  0.05   1  14   1:50am  SW 30.06   80
18   66.7  80.6   4:14pm  49.9   6:34am    4    6  0.00   1  14   4:30pm WNW 29.97   57
19   55.4  64.1  12:00am  45.7  11:53pm   10    0  0.01   3  16   2:40pm ESE 30.16   48
20   57.7  72.0   5:01pm  45.7  12:00am    8    1  1.19   2  21   4:51am ESE 29.73   91
21   58.3  66.3   3:36pm  45.4  11:51pm    7    0  0.37   2  17   2:41pm   W 29.69   65
22   53.0  70.9  12:50pm  42.6   6:44am   13    1  0.07   2  30   2:46pm   S 29.71   67
23   43.9  50.5  11:20am  37.1   6:19am   21    0  0.01   3  17  10:12am WNW 29.81   58
24   45.5  56.8   4:26pm  37.2   6:30am   19    0  0.00   4  18  12:09pm  NW 29.91   43
25   45.6  58.5   4:20pm  31.6   4:30am   19    0  0.00   1  13   2:11pm NNW 29.86   52
26   47.9  60.0  12:27pm  38.9   4:28am   10    0  0.00   1  11   8:13am NNE 29.70   57
---------------------------------------------------------------------------------------
TOT  52.8  80.6  4/18/15  28.2   4/1/15  327   16  1.96   2  30  4/22/15 ESE 30.04   62

HEAT BASE: 65.0
COOL BASE: 65.0