<

NOAA-Style Climate Reports


Report for 2015 June
                  MONTHLY CLIMATOLOGICAL SUMMARY FOR 6/2015
                                        HEAT  COOL        
     MEAN                               DEG   DEG       WIND SPEED       DOM MEAN  MEAN
DAY  TEMP  HIGH   TIME     LOW   TIME   DAYS  DAYS RAIN AVG  HI  TIME    DIR BAROM HUM
---------------------------------------------------------------------------------------
1    62.1  69.1  12:10am  55.6  11:59pm    3    1  1.41   1   9   1:21pm ESE 30.06   95
2    53.3  56.0   5:20pm  50.2   6:45am   12    0  0.25   1  11   4:32am NNE 30.13   97
3    59.2  68.2   4:24pm  52.7   2:47am    6    0  0.01   1  12  11:02am  SE 30.20   82
4    60.0  66.8   3:16pm  55.5   5:37am    5    0  0.00   1  12   5:19pm  SE 30.23   74
5    61.6  73.3   4:38pm  54.1   7:45am    5    1  0.15   1   8   3:20am ESE 30.06   86
6    68.7  77.7   4:38pm  60.9  11:57pm    1    5  0.04   1  13   9:21am NNE 29.94   75
7    65.8  77.2   3:59pm  49.6   6:05am    4    5  0.00   2  15   9:18pm   S 30.14   64
8    71.3  84.7   4:08pm  61.6   5:51am    1    7  0.84   3  22   6:53pm   S 29.93   73
9    73.5  83.5   2:37pm  65.6  11:56pm    0    9  0.13   1  14  12:36pm   S 29.73   77
10   72.6  82.3  11:54am  59.5   5:55am    1    8  0.00   1  12   3:26pm   S 29.87   67
11   79.6  91.4   3:49pm  67.0   5:39am    0   15  0.00   1  11   3:25pm   S 29.90   69
12   81.7  91.7  12:51pm  71.1   6:08am    0   17  0.00   1  12   2:37pm   S 29.90   73
13   78.8  84.6   4:10pm  71.9   5:47am    0   14  0.00   1  13   9:54am NNE 29.94   66
14   78.0  88.5  12:40pm  67.9   6:03am    0   13  0.15   1  14   9:00pm   S 30.02   72
15   78.5  88.6   3:51pm  71.0  12:19am    0   13  0.01   1  10   4:11pm WNW 29.94   83
16   76.8  88.6   3:08pm  68.6   5:27am    0   12  0.02   1  12   2:49pm   S 29.90   82
17   72.1  81.9   1:57pm  62.1   5:51am    0    7  0.00   1  11   8:46am   S 30.08   71
18   65.9  68.5   7:23pm  63.5   9:06am    0    1  0.45   1   9   7:18am   S 30.03   94
19   75.7  85.0   2:46pm  67.2  12:00am    0   11  0.01   1  11  10:32am NNE 29.93   79
20   72.8  78.6   2:15pm  68.5   6:46am    0    8  0.11   1  12   4:44pm  SE 29.99   82
21   78.5  87.5   3:54pm  70.8   3:53am    0   13  0.40   2  13  11:35am   S 29.77   79
22   79.0  87.4  12:32pm  66.6   6:08am    0   14  0.00   1  11  10:16am  NW 29.97   66
23   78.5  91.0   3:00pm  68.9  11:58pm    0   13  0.02   1  18   6:07pm  SW 29.88   79
24   74.1  83.9   5:10pm  62.8   5:29am    0    9  0.01   1  15   7:55am NNE 30.00   65
25   71.4  84.7  10:58am  59.9   6:02am    1    7  0.19   1   7  11:56am   N 30.04   69
26   72.0  81.8   4:08pm  63.4   5:02am    0    7  0.01   1   9  10:43pm   S 29.97   77
27   64.4  69.6  12:00am  58.9   6:15pm    2    1  1.90   2  15   9:10pm  SE 30.00   90
28   68.3  76.7   2:01pm  61.4   5:55am    1    4  0.23   1  12  10:24pm   W 29.71   82
29   69.0  78.0   4:43pm  57.8   6:04am    1    5  0.00   1  14   1:02pm WNW 29.90   69
---------------------------------------------------------------------------------------
TOT  71.2  91.7  6/12/15  49.6   6/7/15   43  220  6.34   1  22   6/8/15   S 29.97   77

HEAT BASE: 65.0
COOL BASE: 65.0