<

NOAA-Style Climate Reports


Report for 2015 May
                  MONTHLY CLIMATOLOGICAL SUMMARY FOR 5/2015
                                        HEAT  COOL        
     MEAN                               DEG   DEG       WIND SPEED       DOM MEAN  MEAN
DAY  TEMP  HIGH   TIME     LOW   TIME   DAYS  DAYS RAIN AVG  HI  TIME    DIR BAROM HUM
---------------------------------------------------------------------------------------
1    54.3  62.4   2:52pm  45.2   6:12am   11    0  0.00   1   9   7:51am ESE 29.95   67
2    58.1  72.4   5:48pm  41.0   3:55am    9    2  0.00   1  11  12:22pm   S 29.98   63
3    63.7  79.9   2:51pm  43.6   6:20am    6    5  0.00   1   9   1:52pm   S 30.08   54
4    69.7  84.7   3:30pm  50.9   6:07am    4    9  0.00   2  17   2:46pm SSW 30.18   51
5    71.5  83.6   2:12pm  56.6   6:15am    1    8  0.00   1   8  12:00am  NW 30.19   60
6    65.5  72.4   3:01pm  54.1  11:56pm    1    2  0.00   1  12  10:23am ESE 30.23   62
7    66.7  80.5   4:35pm  52.1   2:00am    4    6  0.00   1  11  12:39pm   S 30.18   65
8    69.3  83.5   2:06pm  52.2   6:12am    3    8  0.00   1  11  12:43pm   S 30.14   67
9    65.4  74.5   5:04pm  55.8   3:04am    2    3  0.00   1   9   1:53pm ESE 30.24   84
10   72.8  83.1   4:50pm  65.0  12:22am    0    8  0.00   1  13   1:41pm   S 30.19   81
11   74.2  83.5   3:35pm  68.8   2:20am    0    9  0.01   2  18   3:48pm   S 30.07   80
12   74.9  85.3   3:25pm  63.4   5:26am    0   10  0.00   1  14  10:27am   W 29.87   64
13   61.0  70.6   4:11pm  50.1  11:56pm    5    1  0.00   2  17   8:35am NNW 30.11   53
14   58.3  71.6   3:48pm  43.3   5:55am    8    1  0.00   1  11   7:15am NNE 30.36   53
15   62.0  75.1   4:33pm  46.9   5:40am    6    3  0.00   1  13   1:00pm   S 30.28   59
16   69.4  83.7   3:42pm  55.8   6:14am    2    6  0.03   1  12   7:41pm   S 30.15   73
17   72.4  82.4   4:15pm  63.6   6:18am    0    7  0.01   1   8   5:20pm  NW 30.14   82
18   67.4  83.0   9:57am  57.7  11:17pm    1    4  0.00   1  14   3:00pm  SE 30.11   86
19   67.8  83.2   5:13pm  56.9   6:59am    3    6  0.00   1   9   3:06pm NNE 29.92   84
20   61.3  70.0  12:16am  53.9  11:30pm    4    0  0.00   2  17   9:04am   N 29.94   56
21   52.6  56.2  11:07am  49.0  11:59pm   12    0  0.01   1   8  12:08am   S 29.98   73
22   61.5  74.1  12:40pm  46.9   6:06am    6    3  0.01   2  22   5:39pm WNW 29.99   58
23   57.8  68.8   3:29pm  46.6   6:01am    8    1  0.00   2  15   8:27am NNE 30.37   42
24   65.0  80.2   4:03pm  44.3   5:23am    6    6  0.00   1  11  11:27am   S 30.33   55
25   73.4  86.2   2:37pm  60.2   3:16am    1   10  0.00   2  19   5:28pm   S 30.23   63
26   66.0  75.4   8:59am  62.0   5:08am    0    1  0.00   1  10  12:23am   S 30.20   76
---------------------------------------------------------------------------------------
TOT  65.4  86.2  5/25/15  41.0   5/2/15  106  116  0.07   1  22  5/22/15   S 30.13   66

HEAT BASE: 65.0
COOL BASE: 65.0