NOAA-Style Climate Reports


Report for 2014 November
                  MONTHLY CLIMATOLOGICAL SUMMARY FOR 11/2014
                                        HEAT  COOL        
     MEAN                               DEG   DEG       WIND SPEED       DOM MEAN  MEAN
DAY  TEMP  HIGH   TIME     LOW   TIME   DAYS  DAYS RAIN AVG  HI  TIME    DIR BAROM HUM
---------------------------------------------------------------------------------------
1    45.2  49.5  12:38am  42.8  12:46pm   20    0  0.82   3  22  11:07pm   N 29.82   86
2    42.7  47.5   1:46pm  36.1  11:58pm   22    0  0.00   5  26   7:49am  NW 29.97   57
3    46.7  58.4   1:52pm  32.9   2:15am   18    0  0.00   1  16  11:46am   W 30.18   49
4    57.5  69.7  12:48pm  45.4   7:06am    8    1  0.00   1   8  11:26am   S 30.14   44
5    54.9  63.9  11:25am  48.0   8:41pm   10    0  0.00   1  10  11:39am   W 30.12   62
6    48.7  50.7   2:14pm  46.5   7:58am   16    0  0.43   0   8   8:49am ESE 29.86   95
7    44.8  51.9  12:29pm  34.3  11:58pm   20    0  0.00   2  22  12:09pm WNW 29.78   75
8    39.5  48.4   2:10pm  29.0   5:38am   26    0  0.00   1  11  12:21pm   S 30.00   70
9    45.2  55.5   1:38pm  35.2  11:59pm   19    0  0.00   1  11  11:58am   W 29.97   73
10   45.2  61.0   1:37pm  32.1   4:47am   20    0  0.00   1  11   2:35pm   S 30.14   73
11   53.4  67.8   2:58pm  37.8   2:19am   12    0  0.00   1  12  11:16am SSE 30.03   85
12   55.0  66.6  12:18pm  42.8  11:58pm   10    0  0.00   1  14  11:31am  NW 29.95   75
13   38.9  46.0  11:54am  33.4   6:50am   26    0  0.07   1  10  10:21am  NW 30.09   75
14   34.4  39.5  12:50pm  30.1  11:51pm   30    0  0.10   2  19  12:17pm WNW 30.11   74
15   33.0  42.2   1:58pm  26.6  11:55pm   32    0  0.01   1  12  11:57am WNW 30.34   67
16   36.1  42.5  12:32pm  26.3  12:33am   29    0  0.07   1  10   2:42pm   S 30.29   76
17   41.3  47.4   5:49pm  37.9   1:20am   24    0  0.96   1  17  10:21pm ESE 29.76   95
18   27.9  40.5  12:00am  21.6  11:54pm   37    0  0.00   5  25   5:08am WNW 29.96   52
19   26.3  31.9   1:46pm  19.0   7:06am   39    0  0.00   3  16  10:02am   W 30.22   54
20   35.2  46.3   1:13pm  26.8   6:16am   29    0  0.00   2  20   2:07pm WSW 29.98   57
21   27.4  32.6  10:57am  24.6   7:05am   17    0  0.00   3  17   8:39am WNW 30.23   52
---------------------------------------------------------------------------------------
TOT  42.3  69.7  11/4/14  19.0 11/19/14  464    1  2.46   2  26  11/2/14 WNW 30.04   69

HEAT BASE: 65.0
COOL BASE: 65.0