NOAA-Style Climate Reports


Report for 2015 February
                  MONTHLY CLIMATOLOGICAL SUMMARY FOR 2/2015
                                        HEAT  COOL        
     MEAN                               DEG   DEG       WIND SPEED       DOM MEAN  MEAN
DAY  TEMP  HIGH   TIME     LOW   TIME   DAYS  DAYS RAIN AVG  HI  TIME    DIR BAROM HUM
---------------------------------------------------------------------------------------
1    30.5  38.7   1:10pm  17.0  12:00am   34    0  0.00   1  11  10:47pm SSE 30.19   70
2    30.3  34.9   3:14pm  17.6  11:51pm   35    0  0.91   3  25   4:45pm   N 29.65   89
3    20.0  27.2   2:48pm  15.7   4:59am   45    0  0.00   2  15  12:06am  NW 30.27   66
4    31.9  43.5   3:58pm  16.6  12:03am   33    0  0.06   1  14  10:46pm   S 30.17   73
5    27.2  40.2  12:00am  13.3  11:53pm   38    0  0.00   4  26   9:45am   N 30.07   60
6    19.5  30.6   2:13pm   7.6   7:10am   46    0  0.00   1  16  12:30pm   W 30.24   57
7    31.3  42.4   2:43pm  17.5   2:19am   34    0  0.00   1  15   2:14pm SSW 30.11   61
8    36.2  42.6   3:21pm  31.6  12:23am   29    0  0.00   1  11  11:37pm ESE 29.90   80
9    28.9  34.2  12:00am  26.3  11:37pm   36    0  0.00   2  13   7:06am ESE 29.97   93
10   31.3  38.8   2:33pm  26.1   4:30am   34    0  0.04   3  19   3:03pm NNE 30.04   81
11   28.9  35.6   2:08pm  22.1   7:19am   36    0  0.00   2  14  12:01am NNE 30.03   65
12   31.2  40.2   1:13pm  18.5  11:59pm   34    0  0.00   3  24   3:30pm WNW 29.85   68
13   13.7  20.8   2:32pm   6.9   6:58am   51    0  0.00   4  25  12:30am NNW 30.18   53
14   22.8  30.3  12:57pm  11.9   2:46am   42    0  0.00   2  18  11:54pm   S 29.79   78
15   11.1  18.6  12:00am   4.2  11:59pm   54    0  0.00   6  26   3:10am  NW 29.96   59
16    9.4  17.4   3:25pm   0.4   6:50am   56    0  0.00   3  16  12:00am WNW 30.23   56
17   17.7  27.4   2:27pm  12.2   3:19am   47    0  0.00   1   9   2:32pm WNW 29.95   77
18   20.3  30.8   2:01pm   7.4   6:39am   44    0  0.00   1  20  11:57pm WNW 29.86   65
19   14.5  20.9  12:00am   6.0  11:57pm   50    0  0.00   5  22  10:49am WNW 29.93   52
20    7.5  17.0   2:33pm   0.2   6:34am   57    0  0.00   3  19   9:44am WNW 30.35   51
21   17.8  32.4  11:59pm   3.4   3:28am   47    0  0.00   2  19  12:20pm   S 30.39   81
22   35.2  42.9   3:12pm  31.1   8:51pm   30    0  0.48   1   7  11:00pm WNW 30.19   89
23   24.0  34.5  12:00am   9.2  11:58pm   41    0  0.00   4  19   6:37am NNW 30.32   54
24   14.4  25.0   3:29pm   1.5   6:41am   50    0  0.00   1  15   1:55pm SSW 30.20   54
25   25.3  37.0   1:34pm  10.9   4:56am   40    0  0.02   2  17  11:10am WNW 29.91   66
26   26.7  31.2   3:02pm  21.9  11:22pm   38    0  0.00   2  14  12:30pm NNE 30.02   63
27   23.2  29.2   3:09pm  16.9  11:53pm   41    0  0.00   2  13   2:34pm   N 30.42   61
---------------------------------------------------------------------------------------
TOT  23.4  43.5   2/4/15   0.2  2/20/15 1122    0  1.51   2  26   2/5/15  NW 30.08   67

HEAT BASE: 65.0
COOL BASE: 65.0