NOAA-Style Climate Reports


Report for 2014 December
                  MONTHLY CLIMATOLOGICAL SUMMARY FOR 12/2014
                                        HEAT  COOL        
     MEAN                               DEG   DEG       WIND SPEED       DOM MEAN  MEAN
DAY  TEMP  HIGH   TIME     LOW   TIME   DAYS  DAYS RAIN AVG  HI  TIME    DIR BAROM HUM
---------------------------------------------------------------------------------------
1    52.5  67.5  12:28pm  38.9  11:58pm   13    0  0.12   2  19   5:18pm  SW 30.21   76
2    36.6  42.0  11:52pm  33.2   2:36pm   28    0  0.22   2  16  12:40am NNE 30.49   79
3    41.7  45.9   3:32pm  34.1  11:59pm   23    0  0.16   2  13   7:03pm  SW 30.16   93
4    35.6  43.8   1:37pm  29.0   3:56am   29    0  0.01   1  11  10:50am  NW 30.41   74
5    36.7  42.5   3:09pm  29.6   5:33am   28    0  0.11   1   8   9:49am NNE 30.49   82
6    42.6  46.7   3:35pm  38.7  12:00am   22    0  0.89   1  18   9:47pm   N 30.20   97
7    37.5  45.4   2:24pm  30.0  11:58pm   27    0  0.01   4  21   2:51am NNE 30.46   62
8    28.9  33.9  11:58pm  23.6   5:37am   36    0  0.00   2  15   9:29am  NE 30.55   66
9    38.3  43.1   5:22pm  33.2   3:37am   27    0  0.83   4  20  11:13am   N 29.94   93
10   37.3  40.6  12:37am  31.4  10:19pm   28    0  0.00   5  21   9:06am  NW 29.72   79
11   32.4  34.4  12:23pm  30.5   4:35am   32    0  0.03   2  17   1:37am   W 29.82   86
12   34.7  37.3   1:25pm  31.6  12:00am   30    0  0.02   2  13  12:13pm  NW 30.01   75
13   36.3  40.6   1:42pm  31.8   6:44am   29    0  0.01   3  15   2:21pm WNW 30.01   76
14   40.7  45.4   1:38pm  36.2   5:22am   24    0  0.00   3  16   1:56pm NNW 29.96   76
15   40.0  46.2   1:23pm  31.4  11:36pm   25    0  0.00   1  13   6:24am NNW 30.08   80
16   40.1  49.4  12:54pm  29.1   4:33am   25    0  0.23   1   9  11:17am SSE 30.01   94
17   43.4  51.0  11:58am  35.0  11:58pm   22    0  0.01   3  19   1:24pm WNW 29.91   81
18   35.6  39.5   1:21pm  32.4   6:17am   29    0  0.00   3  17   2:45am WNW 30.03   68
19   35.6  40.6   2:13pm  31.2   7:59pm   29    0  0.00   2  14  12:19pm  NW 30.10   69
20   32.5  33.9  11:49am  30.7   7:20am   33    0  0.00   1   9   2:43am   N 30.28   71
21   31.3  31.7  12:02am  30.8   4:59am    7    0  0.00   0   2   1:05am   E 30.31   76
---------------------------------------------------------------------------------------
TOT  37.9  67.5  12/1/14  23.6  12/8/14  548    0  2.65   2  21  12/7/14  NW 30.14   79

HEAT BASE: 65.0
COOL BASE: 65.0