NOAA-Style Climate Reports

Select a Year or Month report
2014: Jan Feb Mar Apr May Jun Jul Aug Sep Oct Nov Dec
2013: Jan Feb Mar Apr May Jun Jul Aug Sep Oct Nov Dec
2012: Jan Feb Mar Apr May Jun Jul Aug Sep Oct Nov Dec
2011: Jan Feb Mar Apr May Jun Jul Aug Sep Oct Nov Dec
2010: Jan Feb Mar Apr May Jun Jul Aug Sep Oct Nov Dec
2009: Jan Feb Mar Apr May Jun Jul Aug Sep Oct Nov Dec
2008: Jan Feb Mar Apr May Jun Jul Aug Sep Oct Nov Dec
2007: Jan Feb Mar Apr May Jun Jul Aug Sep Oct Nov Dec
2006: Jan Feb Mar Apr May Jun Jul Aug Sep Oct Nov Dec

Report for 2014 April
                  MONTHLY CLIMATOLOGICAL SUMMARY FOR 4/2014
                                        HEAT  COOL        
     MEAN                               DEG   DEG       WIND SPEED       DOM MEAN  MEAN
DAY  TEMP  HIGH   TIME     LOW   TIME   DAYS  DAYS RAIN AVG  HI  TIME    DIR BAROM HUM
---------------------------------------------------------------------------------------
1    47.1  60.6   3:59pm  31.3   6:55am   18    0  0.00   1   9  12:09am WNW 30.08   61
2    47.7  61.2   4:41pm  39.3   4:25am   17    0  0.09   1   7   2:01pm SSE 30.08   79
3    54.1  64.7   4:06pm  46.3  11:10pm   11    0  0.17   1  12   9:24am   N 30.07   54
4    43.6  46.4  12:00am  41.5  11:29pm   21    0  0.08   3  16   3:05pm ESE 29.93   91
5    46.6  55.0   2:27pm  38.6  11:57pm   18    0  0.00   4  22   9:56am WNW 29.91   68
6    44.8  59.2   4:29pm  30.6   5:05am   20    0  0.00   1  11   9:49am  NW 30.20   49
7    42.9  50.2   2:27pm  33.6   6:22am   22    0  0.22   2  16   2:31pm ESE 30.03   84
8    56.1  64.8   1:43pm  46.9  12:12am    9    0  0.06   3  21   4:15pm   W 29.54   73
9    50.8  62.8   3:13pm  37.0   5:41am   14    0  0.00   2  17  12:26pm NNW 29.79   54
10   52.2  67.0   4:10pm  33.3   5:52am   13    0  0.00   3  19  12:34pm   S 30.12   51
11   62.5  78.5   4:04pm  51.8   6:26am    5    3  0.00   2  18   5:13pm  SW 30.00   53
12   61.2  73.6   4:16pm  47.4   6:42am    6    2  0.00   1  12  12:46pm SSE 30.17   56
13   66.5  81.8   3:14pm  51.2   2:05am    4    6  0.00   3  24   5:39pm   S 30.09   59
14   68.7  77.7   4:03pm  62.2   6:37am    1    4  0.00   5  24   2:42pm   S 29.93   66
15   57.5  67.3   2:49pm  34.7  11:24pm    8    0  1.23   5  23  11:12am   S 29.71   89
16   38.2  47.7   4:53pm  29.0   6:20am   27    0  0.00   4  20   1:09am NNW 30.34   53
17   40.7  50.9  12:51pm  30.2   6:31am   24    0  0.00   2  12   4:42pm ESE 30.65   60
18   44.1  52.8   5:10pm  36.7  12:00am   21    0  0.00   1  10   4:00am ESE 30.45   65
19   53.1  67.3   2:23pm  37.9   4:30am   12    0  0.00   2  16  12:22pm   N 30.28   53
20   49.4  50.0  12:55am  49.0  12:20am    1    0  0.00   2   6  12:26am NNE 30.35   42
---------------------------------------------------------------------------------------
TOT  51.5  81.8  4/13/14  29.0  4/16/14  273   15  1.85   3  24  4/13/14   S 30.07   64

HEAT BASE: 65.0
COOL BASE: 65.0