NOAA-Style Climate Reports


Report for 2014 October
                  MONTHLY CLIMATOLOGICAL SUMMARY FOR 10/2014
                                        HEAT  COOL        
     MEAN                               DEG   DEG       WIND SPEED       DOM MEAN  MEAN
DAY  TEMP  HIGH   TIME     LOW   TIME   DAYS  DAYS RAIN AVG  HI  TIME    DIR BAROM HUM
---------------------------------------------------------------------------------------
1    64.5  71.0   1:03pm  58.6  12:14am    2    1  0.00   1  11  11:40am NNE 30.03   82
2    64.1  69.0   4:36pm  60.5   6:18am    2    1  0.00   1   9   8:49am NNE 30.12   80
3    62.7  70.4   1:45pm  56.3   3:39am    3    1  0.00   1  12   1:40pm SSE 30.01   82
4    60.9  68.2   2:49pm  46.9  11:58pm    4    0  0.46   2  13   2:12pm SSE 29.65   82
5    48.3  59.4   2:40pm  36.6   7:09am   17    0  0.00   1  13  11:20am   W 29.89   69
6    54.9  70.5   2:02pm  38.0   5:41am   11    1  0.00   2  21   8:28pm SSE 30.03   73
7    63.6  69.1  12:22pm  58.9  12:00am    2    1  0.06   2  18   4:15am   S 30.00   75
8    64.0  72.5   2:34pm  54.3  11:59pm    3    2  0.20   2  19  12:39am   S 29.88   71
9    56.4  69.7   1:41pm  44.4   7:11am    9    1  0.00   1  13  11:38am SSW 30.04   65
10   53.4  60.6   1:38pm  45.8   6:25am   12    0  0.00   0   6  10:24am NNE 30.11   74
11   51.4  54.6  12:00am  46.4  11:03pm   14    0  0.72   1   9  12:21pm   N 30.09   93
12   49.8  61.6   2:48pm  39.1   7:13am   15    0  0.00   1   8   9:15am  NW 30.27   81
13   57.8  63.5  11:34pm  50.3  12:00am    7    0  0.00   1  11   2:10pm SSE 30.29   90
14   68.9  77.1   2:59pm  61.8   3:04am    1    5  0.00   2  17   3:56pm SSE 30.16   85
15   70.2  75.1  10:35am  67.5   2:39am    0    5  0.82   2  25   3:12pm SSE 29.93   92
16   63.5  69.2  12:00am  55.4  10:22pm    3    1  0.20   1  11   2:25pm   S 29.72   89
17   61.3  70.4   3:19pm  54.2   7:30am    5    1  0.00   1  11   4:59pm SSW 29.73   80
18   59.1  69.3   1:08pm  52.4  11:58pm    6    0  0.00   1  16   2:42pm   W 29.66   74
19   49.0  53.2   2:30pm  38.5  11:56pm   16    0  0.00   2  18   2:55pm  NW 29.95   63
20   46.5  61.0   2:25pm  31.7   6:50am   19    0  0.00   1  16   1:37pm SSE 30.07   74
21   57.4  68.3   2:58pm  49.9   7:45am    8    0  0.00   1   9  11:19pm NNE 29.88   77
22   53.5  55.7  12:06am  51.1  11:58pm   12    0  0.56   3  15   9:09am   N 29.87   93
23   51.8  55.7   4:16pm  48.7   8:36am   13    0  0.14   3  17   3:21pm  NW 29.79   86
24   57.5  67.9   2:45pm  49.2  11:59pm    8    0  0.00   2  19   1:48pm  NW 29.85   68
25   55.4  66.9   2:43pm  40.6   6:54am   10    0  0.00   1  18   4:17pm   W 29.81   64
26   57.1  64.0   2:29pm  44.6  11:56pm    8    0  0.00   2  18   2:43pm WNW 29.71   57
27   51.3  63.9   3:02pm  41.1   7:38am   14    0  0.00   1  12   1:55pm WNW 30.01   66
28   57.9  72.2   3:31pm  44.9   7:23am    8    1  0.00   1  10  11:15pm   S 30.00   75
29   57.7  68.9  12:08pm  46.3  11:34pm    8    0  0.06   1  13   3:26pm  NW 29.92   84
30   48.2  57.8   1:49pm  37.9  11:57pm   17    0  0.00   1  13  11:55am WNW 30.01   80
31   41.4  51.3   3:41pm  33.5   7:53am   17    0  0.00   1   8  10:17am   N 30.00   82
---------------------------------------------------------------------------------------
TOT  56.9  77.1 10/14/14  31.7 10/20/14  271   22  3.22   1  25 10/15/14 SSE 29.95   78

HEAT BASE: 65.0
COOL BASE: 65.0