NOAA-Style Climate Reports


Report for 2014 July
                  MONTHLY CLIMATOLOGICAL SUMMARY FOR 7/2014
                                        HEAT  COOL        
     MEAN                               DEG   DEG       WIND SPEED       DOM MEAN  MEAN
DAY  TEMP  HIGH   TIME     LOW   TIME   DAYS  DAYS RAIN AVG  HI  TIME    DIR BAROM HUM
---------------------------------------------------------------------------------------
1    81.1  91.4   2:52pm  70.4   2:33am    0   16  0.00   2  15   2:03pm   S 29.89   71
2    82.4  94.3   2:57pm  72.8   5:57am    0   17  0.13   2  15   2:35pm   S 29.87   76
3    78.6  89.8   3:57pm  70.6  11:42pm    0   14  0.09   1  18   7:18pm   S 29.93   85
4    69.5  75.2   4:39pm  62.8  11:57pm    0    5  0.03   2  21   5:09pm NNE 29.98   77
5    70.0  81.5   4:51pm  56.1   6:20am    2    7  0.00   1  16  10:10am WNW 30.16   56
6    72.9  85.3   1:36pm  57.0   5:37am    2   10  0.00   1  16   2:41pm   S 30.05   61
7    80.9  90.3   4:27pm  70.7   5:13am    0   16  0.00   2  15   4:37pm   S 29.85   62
8    81.7  94.2   1:34pm  70.5  10:16pm    0   17  0.02   1  16   9:01pm SSW 29.78   65
9    77.8  88.5   2:26pm  67.2   3:34am    0   13  0.00   1  13  12:58pm SSW 29.87   71
10   76.1  84.3   4:09pm  68.3   6:21am    0   11  0.00   1  10   8:52pm ESE 30.06   70
11   76.6  86.5   4:07pm  65.3   6:09am    0   12  0.00   1  10   9:54am ESE 30.17   65
12   76.8  88.8   2:38pm  63.2   5:54am    0   12  0.00   1  10   5:37pm   S 30.18   67
13   79.3  88.6   2:17pm  70.3   6:04am    0   14  0.02   2  13   3:10pm SSE 30.00   76
14   76.1  88.1   3:45pm  68.9   5:49am    0   11  1.26   1  11   4:16pm   S 29.88   87
15   76.6  87.3   3:16pm  72.1   5:04am    0   12  0.18   1   9   6:21pm   S 29.77   90
16   73.6  81.7   1:13pm  64.6  11:59pm    0    9  0.03   1  10   6:47am  NW 29.82   73
17   70.9  81.7   1:47pm  59.7   5:51am    1    7  0.01   1  11   4:48pm WSW 30.00   66
18   70.7  82.5  11:43am  56.2   6:05am    2    8  0.00   1  13   4:50pm   N 30.20   63
19   71.1  78.6  12:57pm  64.5   5:50am    0    6  0.00   1  10   4:36pm ESE 30.20   69
20   71.8  79.7   1:29pm  65.2   5:55am    0    7  0.00   1  12   2:56pm ESE 30.12   73
21   73.6  85.1   3:38pm  60.2   5:57am    1    9  0.00   1   8   1:39pm SSE 30.17   71
22   76.5  88.0   4:46pm  62.7   6:09am    0   12  0.00   1  13   4:23pm   S 30.13   72
23   78.3  90.8   4:00pm  67.7   5:02am    0   13  0.31   1  15   5:42pm   S 29.92   77
24   72.5  80.5   4:50pm  66.1  11:57pm    0    7  0.01   2  13  12:48pm NNE 29.87   73
25   71.4  82.5   4:21pm  57.9   6:14am    1    8  0.00   1   7   1:18am  NW 29.99   60
26   70.9  80.5   4:47pm  61.0   2:34am    1    7  0.03   1   9   5:35pm   S 29.96   80
27   78.6  88.9   4:39pm  68.3  11:58pm    0   14  0.41   1  11  11:09pm   S 29.76   77
28   72.5  82.0  12:33pm  66.5   6:25am    0    5  0.56   2  14   2:45pm   S 29.58   84
---------------------------------------------------------------------------------------
TOT  75.3  94.3   7/2/14  56.1   7/5/14   10  296  3.09   1  21   7/4/14   S 29.98   72

HEAT BASE: 65.0
COOL BASE: 65.0