NOAA-Style Climate Reports

Select a Year or Month report
2015: Jan Feb Mar Apr May Jun Jul Aug Sep Oct Nov Dec
2014: Jan Feb Mar Apr May Jun Jul Aug Sep Oct Nov Dec
2013: Jan Feb Mar Apr May Jun Jul Aug Sep Oct Nov Dec
2012: Jan Feb Mar Apr May Jun Jul Aug Sep Oct Nov Dec
2011: Jan Feb Mar Apr May Jun Jul Aug Sep Oct Nov Dec
2010: Jan Feb Mar Apr May Jun Jul Aug Sep Oct Nov Dec
2009: Jan Feb Mar Apr May Jun Jul Aug Sep Oct Nov Dec
2008: Jan Feb Mar Apr May Jun Jul Aug Sep Oct Nov Dec
2007: Jan Feb Mar Apr May Jun Jul Aug Sep Oct Nov Dec
2006: Jan Feb Mar Apr May Jun Jul Aug Sep Oct Nov Dec

Report for 2015 January
                  MONTHLY CLIMATOLOGICAL SUMMARY FOR 1/2015
                                        HEAT  COOL        
     MEAN                               DEG   DEG       WIND SPEED       DOM MEAN  MEAN
DAY  TEMP  HIGH   TIME     LOW   TIME   DAYS  DAYS RAIN AVG  HI  TIME    DIR BAROM HUM
---------------------------------------------------------------------------------------
1    30.7  40.6   2:30pm  22.2   7:41am   34    0  0.00   2  22  11:26am  SW 30.12   54
2    32.8  42.1   1:15pm  27.0   4:45am   32    0  0.00   1  15  11:38am WSW 30.27   64
3    32.8  38.7   8:53pm  24.4   3:52am   32    0  0.78   1   7   7:32am ESE 30.42   87
4    46.5  54.8   6:36pm  38.2  12:00am   18    0  0.28   2  20  10:19pm   W 29.87   95
5    33.6  46.5  12:00am  21.5  11:57pm   31    0  0.00   4  24   3:21am WNW 30.20   51
6    19.0  22.5   4:08pm  11.9  11:50pm   46    0  0.00   1   9  12:00am   S 30.27   78
7    16.6  22.9  12:36pm   9.9  11:59pm   48    0  0.00   3  22  12:39pm  NW 30.12   66
8    12.4  18.3  11:59pm   6.5   6:20am   53    0  0.00   2  17   9:10am   W 30.41   58
9    25.6  35.4   1:54pm  15.5  11:56pm   39    0  0.02   3  22   2:59am WSW 30.12   57
10   15.7  21.1   1:43pm  10.4  11:10pm   49    0  0.00   2  17   6:30am WNW 30.51   57
11   26.1  37.3   2:28pm  10.2  12:32am   39    0  0.00   1  17   1:08pm   S 30.62   60
12   34.8  37.4   2:39pm  32.8   4:11am   30    0  0.57   1  10  11:54pm SSW 30.29   90
13   26.9  35.2  12:00am  17.5  11:44pm   38    0  0.00   3  17   4:17am   N 30.52   63
14   23.8  30.3   3:51pm  16.0   3:15am   41    0  0.00   2  13   6:25am NNE 30.38   70
15   28.8  34.4   2:44pm  23.3  11:21pm   36    0  0.00   1  11   2:52pm NNW 30.11   76
16   30.9  41.9  12:25pm  21.2  11:57pm   34    0  0.00   3  20  12:27pm WSW 30.00   65
17   23.1  31.1   2:41pm  13.2   7:34am   41    0  0.00   2  10  12:48am   S 30.35   54
18   32.3  40.5   4:00pm  22.0   3:50am   33    0  1.33   0   9   5:44pm   W 29.95   92
19   36.5  42.9  11:52am  29.6   2:48am   28    0  0.01   2  18   2:42pm   W 29.89   78
20   34.8  43.8   2:25pm  27.8   6:28am   30    0  0.01   1  12   3:47pm  NW 29.96   80
21   27.8  32.4   2:25pm  23.3   6:45am   37    0  0.00   1   6  10:16am NNE 30.15   81
22   32.5  39.4   2:28pm  28.1  12:00am   33    0  0.04   1  10   3:27pm WNW 30.27   86
23   31.3  39.5   2:15pm  20.9   7:31am   34    0  0.00   1  10  12:19pm  SW 30.25   78
24   34.0  36.9   3:22pm  32.3   4:15am   31    0  0.26   1  13  11:12pm WNW 29.57   92
25   36.5  43.0  12:06pm  31.0  11:59pm   28    0  0.27   2  15  10:18am WSW 29.80   78
26   25.5  31.0  12:00am  22.9   8:58am   40    0  0.00   3  20  10:46pm ESE 29.88   88
27   25.5  30.9   1:51pm  17.8  11:53pm   39    0  0.00   4  18   5:58pm NNW 29.77   73
28   23.1  31.6   2:47pm  16.1   7:09am   42    0  0.00   3  17  11:15am  NW 30.14   51
29   19.1  30.4  12:43pm  10.7   6:12am   19    0  0.00   1   6  12:59am WNW 30.32   60
---------------------------------------------------------------------------------------
TOT  28.4  54.8   1/4/15   6.5   1/8/15 1036    0  3.57   2  24   1/5/15 WNW 30.15   72

HEAT BASE: 65.0
COOL BASE: 65.0