NOAA-Style Climate Reports


Report for 2014 September
                  MONTHLY CLIMATOLOGICAL SUMMARY FOR 9/2014
                                        HEAT  COOL        
     MEAN                               DEG   DEG       WIND SPEED       DOM MEAN  MEAN
DAY  TEMP  HIGH   TIME     LOW   TIME   DAYS  DAYS RAIN AVG  HI  TIME    DIR BAROM HUM
---------------------------------------------------------------------------------------
1    78.3  87.6   3:15pm  71.3   3:40am    0   13  0.07   1   9  12:35pm SSW 29.98   83
2    80.5  90.7   3:21pm  72.3   7:01am    0   15  0.01   1  11   4:03pm  SW 29.90   75
3    74.6  83.7   3:58pm  65.4  11:57pm    0   10  0.01   1  10   3:40pm  NW 30.01   70
4    73.7  87.6   2:05pm  60.0   6:50am    1    9  0.00   1  11   1:34pm   S 30.16   69
5    77.0  88.0   3:43pm  66.9   1:42am    0   12  0.00   1  10   2:11pm   S 30.11   81
6    77.6  92.5   1:57pm  67.9  11:15pm    0   13  0.36   1  13   9:31pm   S 29.93   85
7    69.2  79.0   3:38pm  62.6   7:19am    1    5  0.01   1  13   9:15am NNE 30.08   73
8    66.1  75.5   1:38pm  58.2   5:38am    2    3  0.00   1  12  12:37pm ESE 30.26   75
9    67.2  74.6   2:08pm  61.9   6:35am    1    3  0.00   1  12  12:19pm ESE 30.20   78
10   71.0  80.9   1:16pm  64.9   6:24am    0    6  0.00   1   7   3:11pm SSE 30.08   72
11   74.1  84.2   3:05pm  64.7  12:35am    0    9  0.00   1  21   8:54am SSE 29.91   80
12   67.2  75.8   3:41pm  58.2   7:11am    1    4  0.00   2  12   9:30am ENE 30.09   66
13   61.2  68.1  12:38pm  54.9  11:56pm    4    0  0.43   1   9   6:50pm   N 30.15   87
14   57.9  68.8   3:45pm  48.4   6:46am    8    0  0.00   1  11   8:52am  NW 30.24   78
15   58.9  71.5   3:54pm  46.9   7:02am    7    1  0.00   1   7   8:39am   S 30.19   72
16   61.9  72.4   3:47pm  53.6   4:23am    5    2  0.17   1  13   4:06pm NNE 30.02   79
17   60.2  72.4   4:07pm  47.4   6:59am    7    2  0.00   1   9   1:27pm   N 30.02   72
18   62.0  75.4   1:09pm  48.2   6:36am    6    3  0.00   0  10   1:00pm NNW 30.02   73
19   59.5  68.7   3:22pm  53.2   6:52am    6    0  0.00   1  11   8:30am  SE 30.28   75
20   64.8  77.9   3:13pm  53.1   3:47am    4    4  0.00   1  13   3:46pm SSE 30.22   79
21   65.7  66.1   1:28am  64.7  12:00am    0    0  0.00   0   2  12:00am   N 30.04   91
---------------------------------------------------------------------------------------
TOT  68.1  92.5   9/6/14  46.9  9/15/14   52  114  1.06   1  21  9/11/14   N 30.09   76

HEAT BASE: 65.0
COOL BASE: 65.0